{"id":757,"date":"2020-07-04T10:02:53","date_gmt":"2020-07-04T10:02:53","guid":{"rendered":"http:\/\/kleintierpraxis-grossburgwedel.de\/?page_id=15"},"modified":"2025-02-08T16:33:49","modified_gmt":"2025-02-08T16:33:49","slug":"leistungen","status":"publish","type":"page","link":"https:\/\/hair-esthetic.com\/?page_id=757","title":{"rendered":"Leistungen"},"content":{"rendered":"<p><div class=\"fusion-fullwidth fullwidth-box fusion-builder-row-1 fusion-flex-container has-pattern-background has-mask-background nonhundred-percent-fullwidth non-hundred-percent-height-scrolling\" style=\"--awb-border-radius-top-left:0px;--awb-border-radius-top-right:0px;--awb-border-radius-bottom-right:0px;--awb-border-radius-bottom-left:0px;--awb-flex-wrap:wrap;\" ><div class=\"fusion-builder-row fusion-row fusion-flex-align-items-flex-start fusion-flex-content-wrap\" style=\"max-width:1248px;margin-left: calc(-4% \/ 2 );margin-right: calc(-4% \/ 2 );\"><div class=\"fusion-layout-column fusion_builder_column fusion-builder-column-0 fusion_builder_column_1_1 1_1 fusion-flex-column\" style=\"--awb-bg-size:cover;--awb-width-large:100%;--awb-margin-top-large:0px;--awb-spacing-right-large:1.92%;--awb-margin-bottom-large:20px;--awb-spacing-left-large:1.92%;--awb-width-medium:100%;--awb-order-medium:0;--awb-spacing-right-medium:1.92%;--awb-spacing-left-medium:1.92%;--awb-width-small:100%;--awb-order-small:0;--awb-spacing-right-small:1.92%;--awb-spacing-left-small:1.92%;\"><div class=\"fusion-column-wrapper fusion-column-has-shadow fusion-flex-justify-content-flex-start fusion-content-layout-column\"><div class=\"fusion-title title fusion-title-1 fusion-sep-none fusion-title-text fusion-title-size-one\"><h1 class=\"fusion-title-heading title-heading-left\" style=\"margin:0;\">Leistungen<\/h1><\/div><\/div><\/div><\/div><\/div><div class=\"fusion-fullwidth fullwidth-box fusion-builder-row-2 fusion-flex-container has-pattern-background has-mask-background nonhundred-percent-fullwidth non-hundred-percent-height-scrolling\" style=\"--awb-border-radius-top-left:0px;--awb-border-radius-top-right:0px;--awb-border-radius-bottom-right:0px;--awb-border-radius-bottom-left:0px;--awb-flex-wrap:wrap;\" ><div class=\"fusion-builder-row fusion-row fusion-flex-align-items-flex-start fusion-flex-content-wrap\" style=\"max-width:1248px;margin-left: calc(-4% \/ 2 );margin-right: calc(-4% \/ 2 );\"><div class=\"fusion-layout-column fusion_builder_column fusion-builder-column-1 fusion_builder_column_1_4 1_4 fusion-flex-column\" style=\"--awb-bg-size:cover;--awb-width-large:25%;--awb-margin-top-large:0px;--awb-spacing-right-large:7.68%;--awb-margin-bottom-large:20px;--awb-spacing-left-large:7.68%;--awb-width-medium:25%;--awb-order-medium:0;--awb-spacing-right-medium:7.68%;--awb-spacing-left-medium:7.68%;--awb-width-small:100%;--awb-order-small:0;--awb-spacing-right-small:1.92%;--awb-spacing-left-small:1.92%;\"><div class=\"fusion-column-wrapper fusion-column-has-shadow fusion-flex-justify-content-flex-start fusion-content-layout-column\"><div class=\"fusion-image-element \" style=\"--awb-aspect-ratio:1 \/ 1;--awb-caption-title-font-family:var(--h2_typography-font-family);--awb-caption-title-font-weight:var(--h2_typography-font-weight);--awb-caption-title-font-style:var(--h2_typography-font-style);--awb-caption-title-size:var(--h2_typography-font-size);--awb-caption-title-transform:var(--h2_typography-text-transform);--awb-caption-title-line-height:var(--h2_typography-line-height);--awb-caption-title-letter-spacing:var(--h2_typography-letter-spacing);\"><span class=\" fusion-imageframe imageframe-none imageframe-1 hover-type-none has-aspect-ratio\"><img decoding=\"async\" width=\"300\" height=\"214\" title=\"c801a778e1453b00dc9eac63f0bff6f08d5059d5\" src=\"https:\/\/hair-esthetic.com\/wp-content\/uploads\/2024\/12\/c801a778e1453b00dc9eac63f0bff6f08d5059d5-300x214.jpg\" class=\"img-responsive wp-image-61 img-with-aspect-ratio\" alt srcset=\"https:\/\/hair-esthetic.com\/wp-content\/uploads\/2024\/12\/c801a778e1453b00dc9eac63f0bff6f08d5059d5-300x214.jpg 300w, https:\/\/hair-esthetic.com\/wp-content\/uploads\/2024\/12\/c801a778e1453b00dc9eac63f0bff6f08d5059d5-500x357.jpg 500w, https:\/\/hair-esthetic.com\/wp-content\/uploads\/2024\/12\/c801a778e1453b00dc9eac63f0bff6f08d5059d5-700x500.jpg 700w, https:\/\/hair-esthetic.com\/wp-content\/uploads\/2024\/12\/c801a778e1453b00dc9eac63f0bff6f08d5059d5-768x548.jpg 768w, https:\/\/hair-esthetic.com\/wp-content\/uploads\/2024\/12\/c801a778e1453b00dc9eac63f0bff6f08d5059d5-1024x731.jpg 1024w, https:\/\/hair-esthetic.com\/wp-content\/uploads\/2024\/12\/c801a778e1453b00dc9eac63f0bff6f08d5059d5.jpg 1280w\" sizes=\"(max-width: 300px) 100vw, 300px\" \/><\/span><\/div><\/div><\/div><div class=\"fusion-layout-column fusion_builder_column fusion-builder-column-2 fusion_builder_column_1_4 1_4 fusion-flex-column\" style=\"--awb-bg-size:cover;--awb-width-large:25%;--awb-margin-top-large:0px;--awb-spacing-right-large:7.68%;--awb-margin-bottom-large:20px;--awb-spacing-left-large:7.68%;--awb-width-medium:25%;--awb-order-medium:0;--awb-spacing-right-medium:7.68%;--awb-spacing-left-medium:7.68%;--awb-width-small:100%;--awb-order-small:0;--awb-spacing-right-small:1.92%;--awb-spacing-left-small:1.92%;\"><div class=\"fusion-column-wrapper fusion-column-has-shadow fusion-flex-justify-content-flex-start fusion-content-layout-column\"><div class=\"fusion-image-element \" style=\"--awb-aspect-ratio:1 \/ 1;--awb-caption-title-font-family:var(--h2_typography-font-family);--awb-caption-title-font-weight:var(--h2_typography-font-weight);--awb-caption-title-font-style:var(--h2_typography-font-style);--awb-caption-title-size:var(--h2_typography-font-size);--awb-caption-title-transform:var(--h2_typography-text-transform);--awb-caption-title-line-height:var(--h2_typography-line-height);--awb-caption-title-letter-spacing:var(--h2_typography-letter-spacing);\"><span class=\" fusion-imageframe imageframe-none imageframe-2 hover-type-none has-aspect-ratio\"><img decoding=\"async\" width=\"300\" height=\"200\" title=\"4f5164bda5f06f5da475b376c0b0c5850a44a227\" src=\"https:\/\/hair-esthetic.com\/wp-content\/uploads\/2024\/12\/4f5164bda5f06f5da475b376c0b0c5850a44a227-300x200.jpg\" class=\"img-responsive wp-image-62 img-with-aspect-ratio\" alt srcset=\"https:\/\/hair-esthetic.com\/wp-content\/uploads\/2024\/12\/4f5164bda5f06f5da475b376c0b0c5850a44a227-300x200.jpg 300w, https:\/\/hair-esthetic.com\/wp-content\/uploads\/2024\/12\/4f5164bda5f06f5da475b376c0b0c5850a44a227-500x334.jpg 500w, https:\/\/hair-esthetic.com\/wp-content\/uploads\/2024\/12\/4f5164bda5f06f5da475b376c0b0c5850a44a227-700x467.jpg 700w, https:\/\/hair-esthetic.com\/wp-content\/uploads\/2024\/12\/4f5164bda5f06f5da475b376c0b0c5850a44a227-768x512.jpg 768w, https:\/\/hair-esthetic.com\/wp-content\/uploads\/2024\/12\/4f5164bda5f06f5da475b376c0b0c5850a44a227-1024x683.jpg 1024w, https:\/\/hair-esthetic.com\/wp-content\/uploads\/2024\/12\/4f5164bda5f06f5da475b376c0b0c5850a44a227.jpg 1280w\" sizes=\"(max-width: 300px) 100vw, 300px\" \/><\/span><\/div><\/div><\/div><div class=\"fusion-layout-column fusion_builder_column fusion-builder-column-3 fusion_builder_column_1_4 1_4 fusion-flex-column\" style=\"--awb-bg-size:cover;--awb-width-large:25%;--awb-margin-top-large:0px;--awb-spacing-right-large:7.68%;--awb-margin-bottom-large:20px;--awb-spacing-left-large:7.68%;--awb-width-medium:25%;--awb-order-medium:0;--awb-spacing-right-medium:7.68%;--awb-spacing-left-medium:7.68%;--awb-width-small:100%;--awb-order-small:0;--awb-spacing-right-small:1.92%;--awb-spacing-left-small:1.92%;\"><div class=\"fusion-column-wrapper fusion-column-has-shadow fusion-flex-justify-content-flex-start fusion-content-layout-column\"><div class=\"fusion-image-element \" style=\"--awb-aspect-ratio:1 \/ 1;--awb-caption-title-font-family:var(--h2_typography-font-family);--awb-caption-title-font-weight:var(--h2_typography-font-weight);--awb-caption-title-font-style:var(--h2_typography-font-style);--awb-caption-title-size:var(--h2_typography-font-size);--awb-caption-title-transform:var(--h2_typography-text-transform);--awb-caption-title-line-height:var(--h2_typography-line-height);--awb-caption-title-letter-spacing:var(--h2_typography-letter-spacing);\"><span class=\" fusion-imageframe imageframe-none imageframe-3 hover-type-none has-aspect-ratio\"><img decoding=\"async\" width=\"300\" height=\"200\" title=\"86b2ee3fcd15750dfde971aa9a6fdcead67a34e3\" src=\"https:\/\/hair-esthetic.com\/wp-content\/uploads\/2024\/12\/86b2ee3fcd15750dfde971aa9a6fdcead67a34e3-300x200.jpg\" class=\"img-responsive wp-image-33 img-with-aspect-ratio\" alt srcset=\"https:\/\/hair-esthetic.com\/wp-content\/uploads\/2024\/12\/86b2ee3fcd15750dfde971aa9a6fdcead67a34e3-300x200.jpg 300w, https:\/\/hair-esthetic.com\/wp-content\/uploads\/2024\/12\/86b2ee3fcd15750dfde971aa9a6fdcead67a34e3-500x333.jpg 500w, https:\/\/hair-esthetic.com\/wp-content\/uploads\/2024\/12\/86b2ee3fcd15750dfde971aa9a6fdcead67a34e3-700x466.jpg 700w, https:\/\/hair-esthetic.com\/wp-content\/uploads\/2024\/12\/86b2ee3fcd15750dfde971aa9a6fdcead67a34e3-768x512.jpg 768w, https:\/\/hair-esthetic.com\/wp-content\/uploads\/2024\/12\/86b2ee3fcd15750dfde971aa9a6fdcead67a34e3-1024x682.jpg 1024w, https:\/\/hair-esthetic.com\/wp-content\/uploads\/2024\/12\/86b2ee3fcd15750dfde971aa9a6fdcead67a34e3.jpg 1280w\" sizes=\"(max-width: 300px) 100vw, 300px\" \/><\/span><\/div><\/div><\/div><div class=\"fusion-layout-column fusion_builder_column fusion-builder-column-4 fusion_builder_column_1_4 1_4 fusion-flex-column\" style=\"--awb-bg-size:cover;--awb-width-large:25%;--awb-margin-top-large:0px;--awb-spacing-right-large:7.68%;--awb-margin-bottom-large:20px;--awb-spacing-left-large:7.68%;--awb-width-medium:25%;--awb-order-medium:0;--awb-spacing-right-medium:7.68%;--awb-spacing-left-medium:7.68%;--awb-width-small:100%;--awb-order-small:0;--awb-spacing-right-small:1.92%;--awb-spacing-left-small:1.92%;\"><div class=\"fusion-column-wrapper fusion-column-has-shadow fusion-flex-justify-content-flex-start fusion-content-layout-column\"><div class=\"fusion-image-element \" style=\"--awb-aspect-ratio:1 \/ 1;--awb-caption-title-font-family:var(--h2_typography-font-family);--awb-caption-title-font-weight:var(--h2_typography-font-weight);--awb-caption-title-font-style:var(--h2_typography-font-style);--awb-caption-title-size:var(--h2_typography-font-size);--awb-caption-title-transform:var(--h2_typography-text-transform);--awb-caption-title-line-height:var(--h2_typography-line-height);--awb-caption-title-letter-spacing:var(--h2_typography-letter-spacing);\"><span class=\" fusion-imageframe imageframe-none imageframe-4 hover-type-none has-aspect-ratio\"><img decoding=\"async\" width=\"300\" height=\"300\" title=\"5e1ba22e5d6dd5a0d9e28b20c87fed604c7c4e5e\" src=\"https:\/\/hair-esthetic.com\/wp-content\/uploads\/2024\/12\/5e1ba22e5d6dd5a0d9e28b20c87fed604c7c4e5e-300x300.jpg\" class=\"img-responsive wp-image-63 img-with-aspect-ratio\" alt srcset=\"https:\/\/hair-esthetic.com\/wp-content\/uploads\/2024\/12\/5e1ba22e5d6dd5a0d9e28b20c87fed604c7c4e5e-200x200.jpg 200w, https:\/\/hair-esthetic.com\/wp-content\/uploads\/2024\/12\/5e1ba22e5d6dd5a0d9e28b20c87fed604c7c4e5e.jpg 1280w\" sizes=\"(max-width: 640px) 100vw, 300px\" \/><\/span><\/div><\/div><\/div><\/div><\/div><div class=\"fusion-fullwidth fullwidth-box fusion-builder-row-3 fusion-flex-container has-pattern-background has-mask-background nonhundred-percent-fullwidth non-hundred-percent-height-scrolling\" style=\"--awb-border-radius-top-left:0px;--awb-border-radius-top-right:0px;--awb-border-radius-bottom-right:0px;--awb-border-radius-bottom-left:0px;--awb-flex-wrap:wrap;\" ><div class=\"fusion-builder-row fusion-row fusion-flex-align-items-flex-start fusion-flex-content-wrap\" style=\"max-width:1248px;margin-left: calc(-4% \/ 2 );margin-right: calc(-4% \/ 2 );\"><div class=\"fusion-layout-column fusion_builder_column fusion-builder-column-5 fusion_builder_column_1_1 1_1 fusion-flex-column\" style=\"--awb-bg-size:cover;--awb-width-large:100%;--awb-margin-top-large:0px;--awb-spacing-right-large:1.92%;--awb-margin-bottom-large:20px;--awb-spacing-left-large:1.92%;--awb-width-medium:100%;--awb-order-medium:0;--awb-spacing-right-medium:1.92%;--awb-spacing-left-medium:1.92%;--awb-width-small:100%;--awb-order-small:0;--awb-spacing-right-small:1.92%;--awb-spacing-left-small:1.92%;\"><div class=\"fusion-column-wrapper fusion-column-has-shadow fusion-flex-justify-content-flex-start fusion-content-layout-column\"><div class=\"fusion-text fusion-text-1\"><p><span style=\"font-size: 16px;\">Bei uns steht Ihr individueller Stil im Mittelpunkt. Mit hochwertigen Produkten, modernster Technik und viel Liebe zum Detail bieten wir Ihnen ein umfassendes Leistungsspektrum, das h\u00f6chste Anspr\u00fcche erf\u00fcllt.<\/span><\/p>\n<\/div><\/div><\/div><div class=\"fusion-layout-column fusion_builder_column fusion-builder-column-6 fusion_builder_column_1_2 1_2 fusion-flex-column\" style=\"--awb-bg-size:cover;--awb-width-large:50%;--awb-margin-top-large:0px;--awb-spacing-right-large:3.84%;--awb-margin-bottom-large:20px;--awb-spacing-left-large:3.84%;--awb-width-medium:50%;--awb-order-medium:0;--awb-spacing-right-medium:3.84%;--awb-spacing-left-medium:3.84%;--awb-width-small:100%;--awb-order-small:0;--awb-spacing-right-small:1.92%;--awb-spacing-left-small:1.92%;\"><div class=\"fusion-column-wrapper fusion-column-has-shadow fusion-flex-justify-content-flex-start fusion-content-layout-column\"><div class=\"fusion-text fusion-text-2\"><h3><strong>F\u00fcr Frauen<\/strong><\/h3>\n<p><strong>Haarschnitte:<\/strong> Ob klassisch, modern oder trendig \u2013 wir kreieren den perfekten Schnitt f\u00fcr Ihren Typ.<\/p>\n<p><strong>Coloration &amp; Str\u00e4hnen:<\/strong> Nat\u00fcrliche Looks oder mutige Farbakzente \u2013 unsere Farbexperten setzen Ihre W\u00fcnsche gekonnt um.<\/p>\n<p><strong>Haarbehandlungen:<\/strong> Intensive Pflegebehandlungen f\u00fcr geschmeidiges, gesundes Haar.<\/p>\n<p><strong>Styling &amp; Hochsteckfrisuren:<\/strong> Perfekt gestylt f\u00fcr jeden Anlass \u2013 ob Alltag oder besondere Events.<\/p>\n<\/div><\/div><\/div><div class=\"fusion-layout-column fusion_builder_column fusion-builder-column-7 fusion_builder_column_1_2 1_2 fusion-flex-column\" style=\"--awb-bg-size:cover;--awb-width-large:50%;--awb-margin-top-large:0px;--awb-spacing-right-large:3.84%;--awb-margin-bottom-large:20px;--awb-spacing-left-large:3.84%;--awb-width-medium:50%;--awb-order-medium:0;--awb-spacing-right-medium:3.84%;--awb-spacing-left-medium:3.84%;--awb-width-small:100%;--awb-order-small:0;--awb-spacing-right-small:1.92%;--awb-spacing-left-small:1.92%;\"><div class=\"fusion-column-wrapper fusion-column-has-shadow fusion-flex-justify-content-flex-start fusion-content-layout-column\"><div class=\"fusion-text fusion-text-3\"><h3><strong>F\u00fcr M\u00e4nner<\/strong><\/h3>\n<p><strong>Pr\u00e4zisionshaarschnitte:<\/strong> Klassisch elegant oder modern sportlich \u2013 wir setzen auf Pr\u00e4zision und Stil.<\/p>\n<p><strong>Bartpflege:<\/strong> Professionelle Barttrimm- und Pflegeservices f\u00fcr einen perfekt gepflegten Look.<\/p>\n<\/div><\/div><\/div><div class=\"fusion-layout-column fusion_builder_column fusion-builder-column-8 fusion_builder_column_1_2 1_2 fusion-flex-column\" style=\"--awb-bg-size:cover;--awb-width-large:50%;--awb-margin-top-large:0px;--awb-spacing-right-large:3.84%;--awb-margin-bottom-large:20px;--awb-spacing-left-large:3.84%;--awb-width-medium:50%;--awb-order-medium:0;--awb-spacing-right-medium:3.84%;--awb-spacing-left-medium:3.84%;--awb-width-small:100%;--awb-order-small:0;--awb-spacing-right-small:1.92%;--awb-spacing-left-small:1.92%;\"><div class=\"fusion-column-wrapper fusion-column-has-shadow fusion-flex-justify-content-flex-start fusion-content-layout-column\"><div class=\"fusion-text fusion-text-4\"><h3>F\u00fcr Kinder<\/h3>\n<p><strong>Kinderhaarschnitte:<\/strong> Sanftes und geduldiges Styling f\u00fcr die Kleinen \u2013 damit der Friseurbesuch zum Vergn\u00fcgen wird.<br \/>\n<strong>Spezielle Pflege:<\/strong> Schonende Produkte f\u00fcr zarte Kinderk\u00f6pfe.<\/p>\n<\/div><\/div><\/div><div class=\"fusion-layout-column fusion_builder_column fusion-builder-column-9 fusion_builder_column_1_2 1_2 fusion-flex-column\" style=\"--awb-bg-size:cover;--awb-width-large:50%;--awb-margin-top-large:0px;--awb-spacing-right-large:3.84%;--awb-margin-bottom-large:20px;--awb-spacing-left-large:3.84%;--awb-width-medium:50%;--awb-order-medium:0;--awb-spacing-right-medium:3.84%;--awb-spacing-left-medium:3.84%;--awb-width-small:100%;--awb-order-small:0;--awb-spacing-right-small:1.92%;--awb-spacing-left-small:1.92%;\"><div class=\"fusion-column-wrapper fusion-column-has-shadow fusion-flex-justify-content-flex-start fusion-content-layout-column\"><div class=\"fusion-text fusion-text-5\"><h3>Wellness f\u00fcr Ihr Haar<\/h3>\n<p><strong>Haarkuren:<\/strong> Individuelle Pflegebehandlungen f\u00fcr gesch\u00e4digtes oder strapaziertes Haar.<br \/>\n<strong>Kopfhautmassagen:<\/strong> Entspannung und Revitalisierung f\u00fcr Kopfhaut und Haarwurzeln.<\/p>\n<\/div><\/div><\/div><\/div><\/div><div class=\"fusion-fullwidth fullwidth-box fusion-builder-row-4 fusion-flex-container has-pattern-background has-mask-background nonhundred-percent-fullwidth non-hundred-percent-height-scrolling\" style=\"--awb-border-radius-top-left:0px;--awb-border-radius-top-right:0px;--awb-border-radius-bottom-right:0px;--awb-border-radius-bottom-left:0px;--awb-flex-wrap:wrap;\" ><div class=\"fusion-builder-row fusion-row fusion-flex-align-items-flex-start fusion-flex-content-wrap\" style=\"max-width:1248px;margin-left: calc(-4% \/ 2 );margin-right: calc(-4% \/ 2 );\"><div class=\"fusion-layout-column fusion_builder_column fusion-builder-column-10 fusion_builder_column_1_1 1_1 fusion-flex-column\" style=\"--awb-bg-size:cover;--awb-width-large:100%;--awb-margin-top-large:0px;--awb-spacing-right-large:1.92%;--awb-margin-bottom-large:20px;--awb-spacing-left-large:1.92%;--awb-width-medium:100%;--awb-order-medium:0;--awb-spacing-right-medium:1.92%;--awb-spacing-left-medium:1.92%;--awb-width-small:100%;--awb-order-small:0;--awb-spacing-right-small:1.92%;--awb-spacing-left-small:1.92%;\"><div class=\"fusion-column-wrapper fusion-column-has-shadow fusion-flex-justify-content-flex-start fusion-content-layout-column\"><div class=\"fusion-text fusion-text-6\"><p><strong>Beratung &amp; Individualit\u00e4t<\/strong><br \/>\nWir nehmen uns Zeit f\u00fcr Sie. In einer pers\u00f6nlichen Beratung finden wir gemeinsam den Look, der perfekt zu Ihnen passt.<\/p>\n<p>Hair Esthetic \u2013 Ihr Salon f\u00fcr exklusive Haarkunst in Wolfenb\u00fcttel.**<br \/>\nVereinbaren Sie jetzt Ihren Termin und lassen Sie sich von unseren Experten verw\u00f6hnen. Wir freuen uns auf Sie!<\/p>\n<\/div><div ><a class=\"fusion-button button-flat fusion-button-default-size button-default fusion-button-default button-1 fusion-button-default-span fusion-button-default-type\" target=\"_self\" href=\"https:\/\/hair-esthetic.com\/?page_id=19\"><span class=\"fusion-button-text\">Hier geht es zur Online-Terminvereinbarung!<\/span><\/a><\/div><\/div><\/div><\/div><\/div><div class=\"fusion-fullwidth fullwidth-box fusion-builder-row-5 fusion-flex-container has-pattern-background has-mask-background nonhundred-percent-fullwidth non-hundred-percent-height-scrolling\" style=\"--awb-border-radius-top-left:0px;--awb-border-radius-top-right:0px;--awb-border-radius-bottom-right:0px;--awb-border-radius-bottom-left:0px;--awb-flex-wrap:wrap;\" ><div class=\"fusion-builder-row fusion-row fusion-flex-align-items-flex-start fusion-flex-content-wrap\" style=\"max-width:1248px;margin-left: calc(-4% \/ 2 );margin-right: calc(-4% \/ 2 );\"><\/div><\/div><\/p>\n","protected":false},"excerpt":{"rendered":"","protected":false},"author":1,"featured_media":0,"parent":0,"menu_order":0,"comment_status":"closed","ping_status":"closed","template":"","meta":{"footnotes":""},"class_list":["post-757","page","type-page","status-publish","hentry"],"aioseo_notices":[],"_links":{"self":[{"href":"https:\/\/hair-esthetic.com\/index.php?rest_route=\/wp\/v2\/pages\/757","targetHints":{"allow":["GET"]}}],"collection":[{"href":"https:\/\/hair-esthetic.com\/index.php?rest_route=\/wp\/v2\/pages"}],"about":[{"href":"https:\/\/hair-esthetic.com\/index.php?rest_route=\/wp\/v2\/types\/page"}],"author":[{"embeddable":true,"href":"https:\/\/hair-esthetic.com\/index.php?rest_route=\/wp\/v2\/users\/1"}],"replies":[{"embeddable":true,"href":"https:\/\/hair-esthetic.com\/index.php?rest_route=%2Fwp%2Fv2%2Fcomments&post=757"}],"version-history":[{"count":8,"href":"https:\/\/hair-esthetic.com\/index.php?rest_route=\/wp\/v2\/pages\/757\/revisions"}],"predecessor-version":[{"id":954,"href":"https:\/\/hair-esthetic.com\/index.php?rest_route=\/wp\/v2\/pages\/757\/revisions\/954"}],"wp:attachment":[{"href":"https:\/\/hair-esthetic.com\/index.php?rest_route=%2Fwp%2Fv2%2Fmedia&parent=757"}],"curies":[{"name":"wp","href":"https:\/\/api.w.org\/{rel}","templated":true}]}}