{"id":19,"date":"2024-12-07T10:08:09","date_gmt":"2024-12-07T10:08:09","guid":{"rendered":"https:\/\/hair-esthetic.com\/buchung\/"},"modified":"2025-01-13T17:08:58","modified_gmt":"2025-01-13T17:08:58","slug":"buchung","status":"publish","type":"page","link":"https:\/\/hair-esthetic.com\/?page_id=19","title":{"rendered":"Termin vereinbaren"},"content":{"rendered":"<p><div class=\"fusion-fullwidth fullwidth-box fusion-builder-row-1 fusion-flex-container nonhundred-percent-fullwidth non-hundred-percent-height-scrolling\" style=\"--awb-border-radius-top-left:0px;--awb-border-radius-top-right:0px;--awb-border-radius-bottom-right:0px;--awb-border-radius-bottom-left:0px;--awb-flex-wrap:wrap;\" ><div class=\"fusion-builder-row fusion-row fusion-flex-align-items-flex-start fusion-flex-content-wrap\" style=\"max-width:1248px;margin-left: calc(-4% \/ 2 );margin-right: calc(-4% \/ 2 );\"><div class=\"fusion-layout-column fusion_builder_column fusion-builder-column-0 fusion_builder_column_1_1 1_1 fusion-flex-column\" style=\"--awb-bg-size:cover;--awb-width-large:100%;--awb-margin-top-large:0px;--awb-spacing-right-large:1.92%;--awb-margin-bottom-large:0px;--awb-spacing-left-large:1.92%;--awb-width-medium:100%;--awb-spacing-right-medium:1.92%;--awb-spacing-left-medium:1.92%;--awb-width-small:100%;--awb-spacing-right-small:1.92%;--awb-spacing-left-small:1.92%;\"><div class=\"fusion-column-wrapper fusion-flex-justify-content-flex-start fusion-content-layout-column\"><div class=\"fusion-title title fusion-title-1 fusion-sep-none fusion-title-text fusion-title-size-one\"><h1 class=\"fusion-title-heading title-heading-left\" style=\"margin:0;\"><h1>Termin vereinbaren<\/h1><\/h1><\/div><\/div><\/div><\/div><\/div><div class=\"fusion-fullwidth fullwidth-box fusion-builder-row-2 fusion-flex-container has-pattern-background has-mask-background nonhundred-percent-fullwidth non-hundred-percent-height-scrolling\" style=\"--awb-border-radius-top-left:0px;--awb-border-radius-top-right:0px;--awb-border-radius-bottom-right:0px;--awb-border-radius-bottom-left:0px;--awb-flex-wrap:wrap;\" ><div class=\"fusion-builder-row fusion-row fusion-flex-align-items-flex-start fusion-flex-content-wrap\" style=\"max-width:1248px;margin-left: calc(-4% \/ 2 );margin-right: calc(-4% \/ 2 );\"><div class=\"fusion-layout-column fusion_builder_column fusion-builder-column-1 fusion_builder_column_1_2 1_2 fusion-flex-column\" style=\"--awb-bg-size:cover;--awb-width-large:50%;--awb-margin-top-large:0px;--awb-spacing-right-large:3.84%;--awb-margin-bottom-large:20px;--awb-spacing-left-large:3.84%;--awb-width-medium:50%;--awb-order-medium:0;--awb-spacing-right-medium:3.84%;--awb-spacing-left-medium:3.84%;--awb-width-small:100%;--awb-order-small:0;--awb-spacing-right-small:1.92%;--awb-spacing-left-small:1.92%;\"><div class=\"fusion-column-wrapper fusion-column-has-shadow fusion-flex-justify-content-flex-start fusion-content-layout-column\"><div class=\"fusion-text fusion-text-1\"><p style=\"text-align: left;\"><strong>Online-Terminkalender<\/strong><\/p>\n<\/div><a class=\"fb-icon-element-1 fb-icon-element fontawesome-icon fa-clock fas circle-yes fusion-text-flow fusion-link\" style=\"--awb-circlecolor:var(--awb-color6);--awb-circlebordersize:1px;--awb-font-size:28.16px;--awb-width:56.32px;--awb-height:56.32px;--awb-line-height:54.32px;--awb-margin-right:16px;\" href=\"https:\/\/www.instagram.com\/_hair_esthetic_\/?igsh=MWRtcWFobWFxdmdmNA%3D%3D#\" aria-label=\"Link to https:\/\/www.instagram.com\/_hair_esthetic_\/?igsh=MWRtcWFobWFxdmdmNA%3D%3D#\" target=\"_self\"><\/a><div class=\"fusion-text fusion-text-2\"><p>In wenigen Schritten zu Ihrem Termin:<\/p>\n<ol>\n<li>Anmelden \/ Kundenkonto anlegen<\/li>\n<li>Dienstleistung ausw\u00e4hlen<\/li>\n<li>Termin festlegen<\/li>\n<li>Termin buchen<\/li>\n<\/ol>\n<\/div><div ><a class=\"fusion-button button-flat fusion-button-default-size button-default fusion-button-default button-1 fusion-button-default-span fusion-button-default-type\" target=\"_self\" href=\"https:\/\/rcdi.mitdenkt.io\/\"><span class=\"fusion-button-text\">Termin vereinbaren<\/span><\/a><\/div><\/div><\/div><div class=\"fusion-layout-column fusion_builder_column fusion-builder-column-2 fusion_builder_column_1_2 1_2 fusion-flex-column\" style=\"--awb-bg-size:cover;--awb-width-large:50%;--awb-margin-top-large:0px;--awb-spacing-right-large:3.84%;--awb-margin-bottom-large:20px;--awb-spacing-left-large:3.84%;--awb-width-medium:50%;--awb-order-medium:0;--awb-spacing-right-medium:3.84%;--awb-spacing-left-medium:3.84%;--awb-width-small:100%;--awb-order-small:0;--awb-spacing-right-small:1.92%;--awb-spacing-left-small:1.92%;\"><div class=\"fusion-column-wrapper fusion-column-has-shadow fusion-flex-justify-content-flex-start fusion-content-layout-column\"><div class=\"fusion-text fusion-text-3\"><p><strong>Ihr professioneller Friseur f\u00fcr Haar\u00e4sthetik in Wolfenb\u00fcttel \u2013 Vereinbaren Sie jetzt Ihren Termin bei Hair Esthetic!<\/strong><\/p>\n<p>Willkommen bei <strong>Hair Esthetic<\/strong>, Ihrem Experten f\u00fcr stilvolle Frisuren und hochwertige Haarbehandlungen in Wolfenb\u00fcttel! Tr\u00e4umen Sie von einem neuen Look, gesundem Haar oder einer professionellen Beratung zu Ihrem individuellen Stil? Bei uns sind Sie in den besten H\u00e4nden.<\/p>\n<p><strong>Unsere Leistungen f\u00fcr Ihr perfektes Haar<\/strong><\/p>\n<p>Bei <strong>Hair Esthetic<\/strong> stehen Sie und Ihre W\u00fcnsche im Mittelpunkt. Unser erfahrenes Team bietet Ihnen ein breites Spektrum an Leistungen:<\/p>\n<ul>\n<li><strong>Moderne Haarschnitte<\/strong>: Ob klassisch, trendy oder individuell \u2013 wir kreieren den Look, der perfekt zu Ihnen passt.<\/li>\n<li><strong>Farbexperten<\/strong>: Von nat\u00fcrlichen Highlights bis zu intensiven Farbver\u00e4nderungen \u2013 wir setzen Ihre Haarfarbe in Szene.<\/li>\n<li><strong>Haarpflege &amp; Treatments<\/strong>: G\u00f6nnen Sie Ihrem Haar professionelle Pflege f\u00fcr Glanz und Gesundheit.<\/li>\n<li><strong>Styling f\u00fcr besondere Anl\u00e4sse<\/strong>: Perfekte Frisuren f\u00fcr Hochzeiten, Events oder einfach f\u00fcr einen besonderen Tag.<\/li>\n<\/ul>\n<p><strong>Warum Hair Esthetic?<\/strong><\/p>\n<ul>\n<li><strong>Erfahrung &amp; Leidenschaft<\/strong>: Wir lieben, was wir tun, und legen Wert auf h\u00f6chste Qualit\u00e4t.<\/li>\n<li><strong>Individuelle Beratung<\/strong>: Wir nehmen uns Zeit, um Ihren Stil und Ihre W\u00fcnsche zu verstehen.<\/li>\n<li><strong>Wohlf\u00fchlatmosph\u00e4re<\/strong>: Entspannen Sie in unserem modernen Salon und lassen Sie sich verw\u00f6hnen.<\/li>\n<\/ul>\n<p><strong>Jetzt Termin vereinbaren \u2013 schnell &amp; einfach!<\/strong><\/p>\n<p>G\u00f6nnen Sie sich das beste f\u00fcr Ihr Haar und vereinbaren Sie noch heute einen Termin bei <strong>Hair Esthetic<\/strong> in Wolfenb\u00fcttel. Wir freuen uns darauf, Sie in unserem Salon willkommen zu hei\u00dfen und Ihnen ein L\u00e4cheln ins Gesicht zu zaubern!<\/p>\n<p><strong>Kontaktieren Sie uns jetzt telefonisch oder online, um Ihren Wunschtermin zu sichern.<\/strong> Lassen Sie uns gemeinsam Ihre Haartr\u00e4ume wahr werden!<\/p>\n<p><strong>Hair Esthetic Wolfenb\u00fcttel \u2013 Ihr Friseur f\u00fcr Sch\u00f6nheit und Stil.<\/strong><\/p>\n<\/div><\/div><\/div><\/div><\/div><div class=\"fusion-fullwidth fullwidth-box fusion-builder-row-3 fusion-flex-container has-pattern-background has-mask-background nonhundred-percent-fullwidth non-hundred-percent-height-scrolling\" style=\"--awb-border-radius-top-left:0px;--awb-border-radius-top-right:0px;--awb-border-radius-bottom-right:0px;--awb-border-radius-bottom-left:0px;--awb-flex-wrap:wrap;\" ><div class=\"fusion-builder-row fusion-row fusion-flex-align-items-flex-start fusion-flex-content-wrap\" style=\"max-width:1248px;margin-left: calc(-4% \/ 2 );margin-right: calc(-4% \/ 2 );\"><div class=\"fusion-layout-column fusion_builder_column fusion-builder-column-3 fusion_builder_column_1_2 1_2 fusion-flex-column\" style=\"--awb-bg-size:cover;--awb-width-large:50%;--awb-margin-top-large:0px;--awb-spacing-right-large:3.84%;--awb-margin-bottom-large:20px;--awb-spacing-left-large:3.84%;--awb-width-medium:50%;--awb-order-medium:0;--awb-spacing-right-medium:3.84%;--awb-spacing-left-medium:3.84%;--awb-width-small:100%;--awb-order-small:0;--awb-spacing-right-small:1.92%;--awb-spacing-left-small:1.92%;\"><div class=\"fusion-column-wrapper fusion-column-has-shadow fusion-flex-justify-content-flex-start fusion-content-layout-column\"><\/div><\/div><\/div><\/div><\/p>\n","protected":false},"excerpt":{"rendered":"","protected":false},"author":1,"featured_media":0,"parent":0,"menu_order":0,"comment_status":"closed","ping_status":"closed","template":"","meta":{"footnotes":""},"class_list":["post-19","page","type-page","status-publish","hentry"],"aioseo_notices":[],"_links":{"self":[{"href":"https:\/\/hair-esthetic.com\/index.php?rest_route=\/wp\/v2\/pages\/19","targetHints":{"allow":["GET"]}}],"collection":[{"href":"https:\/\/hair-esthetic.com\/index.php?rest_route=\/wp\/v2\/pages"}],"about":[{"href":"https:\/\/hair-esthetic.com\/index.php?rest_route=\/wp\/v2\/types\/page"}],"author":[{"embeddable":true,"href":"https:\/\/hair-esthetic.com\/index.php?rest_route=\/wp\/v2\/users\/1"}],"replies":[{"embeddable":true,"href":"https:\/\/hair-esthetic.com\/index.php?rest_route=%2Fwp%2Fv2%2Fcomments&post=19"}],"version-history":[{"count":19,"href":"https:\/\/hair-esthetic.com\/index.php?rest_route=\/wp\/v2\/pages\/19\/revisions"}],"predecessor-version":[{"id":938,"href":"https:\/\/hair-esthetic.com\/index.php?rest_route=\/wp\/v2\/pages\/19\/revisions\/938"}],"wp:attachment":[{"href":"https:\/\/hair-esthetic.com\/index.php?rest_route=%2Fwp%2Fv2%2Fmedia&parent=19"}],"curies":[{"name":"wp","href":"https:\/\/api.w.org\/{rel}","templated":true}]}}

<p><div class="fusion-fullwidth fullwidth-box fusion-builder-row-1 fusion-flex-container nonhundred-percent-fullwidth non-hundred-percent-height-scrolling" style="--awb-border-radius-top-left:0px;--awb-border-radius-top-right:0px;--awb-border-radius-bottom-right:0px;--awb-border-radius-bottom-left:0px;--awb-flex-wrap:wrap;" ><div class="fusion-builder-row fusion-row fusion-flex-align-items-flex-start fusion-flex-content-wrap" style="max-width:1248px;margin-left: calc(-4% / 2 );margin-right: calc(-4% / 2 );"><div class="fusion-layout-column fusion_builder_column fusion-builder-column-0 fusion_builder_column_1_1 1_1 fusion-flex-column" style="--awb-bg-size:cover;--awb-width-large:100%;--awb-margin-top-large:0px;--awb-spacing-right-large:1.92%;--awb-margin-bottom-large:0px;--awb-spacing-left-large:1.92%;--awb-width-medium:100%;--awb-spacing-right-medium:1.92%;--awb-spacing-left-medium:1.92%;--awb-width-small:100%;--awb-spacing-right-small:1.92%;--awb-spacing-left-small:1.92%;"><div class="fusion-column-wrapper fusion-flex-justify-content-flex-start fusion-content-layout-column"><div class="fusion-title title fusion-title-1 fusion-sep-none fusion-title-text fusion-title-size-one"><h1 class="fusion-title-heading title-heading-left" style="margin:0;"><h1>Termin vereinbaren</h1></h1></div></div></div></div></div><div class="fusion-fullwidth fullwidth-box fusion-builder-row-2 fusion-flex-container has-pattern-background has-mask-background nonhundred-percent-fullwidth non-hundred-percent-height-scrolling" style="--awb-border-radius-top-left:0px;--awb-border-radius-top-right:0px;--awb-border-radius-bottom-right:0px;--awb-border-radius-bottom-left:0px;--awb-flex-wrap:wrap;" ><div class="fusion-builder-row fusion-row fusion-flex-align-items-flex-start fusion-flex-content-wrap" style="max-width:1248px;margin-left: calc(-4% / 2 );margin-right: calc(-4% / 2 );"><div class="fusion-layout-column fusion_builder_column fusion-builder-column-1 fusion_builder_column_1_2 1_2 fusion-flex-column" style="--awb-bg-size:cover;--awb-width-large:50%;--awb-margin-top-large:0px;--awb-spacing-right-large:3.84%;--awb-margin-bottom-large:20px;--awb-spacing-left-large:3.84%;--awb-width-medium:50%;--awb-order-medium:0;--awb-spacing-right-medium:3.84%;--awb-spacing-left-medium:3.84%;--awb-width-small:100%;--awb-order-small:0;--awb-spacing-right-small:1.92%;--awb-spacing-left-small:1.92%;"><div class="fusion-column-wrapper fusion-column-has-shadow fusion-flex-justify-content-flex-start fusion-content-layout-column"><div class="fusion-text fusion-text-1"><p style="text-align: left;"><strong>Online-Terminkalender</strong></p>
</div><a class="fb-icon-element-1 fb-icon-element fontawesome-icon fa-clock fas circle-yes fusion-text-flow fusion-link" style="--awb-circlecolor:var(--awb-color6);--awb-circlebordersize:1px;--awb-font-size:28.16px;--awb-width:56.32px;--awb-height:56.32px;--awb-line-height:54.32px;--awb-margin-right:16px;" href="https://www.instagram.com/_hair_esthetic_/?igsh=MWRtcWFobWFxdmdmNA%3D%3D#" aria-label="Link to https://www.instagram.com/_hair_esthetic_/?igsh=MWRtcWFobWFxdmdmNA%3D%3D#" target="_self"></a><div class="fusion-text fusion-text-2"><p>In wenigen Schritten zu Ihrem Termin:</p>
<ol>
<li>Anmelden / Kundenkonto anlegen</li>
<li>Dienstleistung auswählen</li>
<li>Termin festlegen</li>
<li>Termin buchen</li>
</ol>
</div><div ><a class="fusion-button button-flat fusion-button-default-size button-default fusion-button-default button-1 fusion-button-default-span fusion-button-default-type" target="_self" href="https://rcdi.mitdenkt.io/"><span class="fusion-button-text">Termin vereinbaren</span></a></div></div></div><div class="fusion-layout-column fusion_builder_column fusion-builder-column-2 fusion_builder_column_1_2 1_2 fusion-flex-column" style="--awb-bg-size:cover;--awb-width-large:50%;--awb-margin-top-large:0px;--awb-spacing-right-large:3.84%;--awb-margin-bottom-large:20px;--awb-spacing-left-large:3.84%;--awb-width-medium:50%;--awb-order-medium:0;--awb-spacing-right-medium:3.84%;--awb-spacing-left-medium:3.84%;--awb-width-small:100%;--awb-order-small:0;--awb-spacing-right-small:1.92%;--awb-spacing-left-small:1.92%;"><div class="fusion-column-wrapper fusion-column-has-shadow fusion-flex-justify-content-flex-start fusion-content-layout-column"><div class="fusion-text fusion-text-3"><p><strong>Ihr professioneller Friseur für Haarästhetik in Wolfenbüttel – Vereinbaren Sie jetzt Ihren Termin bei Hair Esthetic!</strong></p>
<p>Willkommen bei <strong>Hair Esthetic</strong>, Ihrem Experten für stilvolle Frisuren und hochwertige Haarbehandlungen in Wolfenbüttel! Träumen Sie von einem neuen Look, gesundem Haar oder einer professionellen Beratung zu Ihrem individuellen Stil? Bei uns sind Sie in den besten Händen.</p>
<p><strong>Unsere Leistungen für Ihr perfektes Haar</strong></p>
<p>Bei <strong>Hair Esthetic</strong> stehen Sie und Ihre Wünsche im Mittelpunkt. Unser erfahrenes Team bietet Ihnen ein breites Spektrum an Leistungen:</p>
<ul>
<li><strong>Moderne Haarschnitte</strong>: Ob klassisch, trendy oder individuell – wir kreieren den Look, der perfekt zu Ihnen passt.</li>
<li><strong>Farbexperten</strong>: Von natürlichen Highlights bis zu intensiven Farbveränderungen – wir setzen Ihre Haarfarbe in Szene.</li>
<li><strong>Haarpflege &amp; Treatments</strong>: Gönnen Sie Ihrem Haar professionelle Pflege für Glanz und Gesundheit.</li>
<li><strong>Styling für besondere Anlässe</strong>: Perfekte Frisuren für Hochzeiten, Events oder einfach für einen besonderen Tag.</li>
</ul>
<p><strong>Warum Hair Esthetic?</strong></p>
<ul>
<li><strong>Erfahrung &amp; Leidenschaft</strong>: Wir lieben, was wir tun, und legen Wert auf höchste Qualität.</li>
<li><strong>Individuelle Beratung</strong>: Wir nehmen uns Zeit, um Ihren Stil und Ihre Wünsche zu verstehen.</li>
<li><strong>Wohlfühlatmosphäre</strong>: Entspannen Sie in unserem modernen Salon und lassen Sie sich verwöhnen.</li>
</ul>
<p><strong>Jetzt Termin vereinbaren – schnell &amp; einfach!</strong></p>
<p>Gönnen Sie sich das beste für Ihr Haar und vereinbaren Sie noch heute einen Termin bei <strong>Hair Esthetic</strong> in Wolfenbüttel. Wir freuen uns darauf, Sie in unserem Salon willkommen zu heißen und Ihnen ein Lächeln ins Gesicht zu zaubern!</p>
<p><strong>Kontaktieren Sie uns jetzt telefonisch oder online, um Ihren Wunschtermin zu sichern.</strong> Lassen Sie uns gemeinsam Ihre Haarträume wahr werden!</p>
<p><strong>Hair Esthetic Wolfenbüttel – Ihr Friseur für Schönheit und Stil.</strong></p>
</div></div></div></div></div><div class="fusion-fullwidth fullwidth-box fusion-builder-row-3 fusion-flex-container has-pattern-background has-mask-background nonhundred-percent-fullwidth non-hundred-percent-height-scrolling" style="--awb-border-radius-top-left:0px;--awb-border-radius-top-right:0px;--awb-border-radius-bottom-right:0px;--awb-border-radius-bottom-left:0px;--awb-flex-wrap:wrap;" ><div class="fusion-builder-row fusion-row fusion-flex-align-items-flex-start fusion-flex-content-wrap" style="max-width:1248px;margin-left: calc(-4% / 2 );margin-right: calc(-4% / 2 );"><div class="fusion-layout-column fusion_builder_column fusion-builder-column-3 fusion_builder_column_1_2 1_2 fusion-flex-column" style="--awb-bg-size:cover;--awb-width-large:50%;--awb-margin-top-large:0px;--awb-spacing-right-large:3.84%;--awb-margin-bottom-large:20px;--awb-spacing-left-large:3.84%;--awb-width-medium:50%;--awb-order-medium:0;--awb-spacing-right-medium:3.84%;--awb-spacing-left-medium:3.84%;--awb-width-small:100%;--awb-order-small:0;--awb-spacing-right-small:1.92%;--awb-spacing-left-small:1.92%;"><div class="fusion-column-wrapper fusion-column-has-shadow fusion-flex-justify-content-flex-start fusion-content-layout-column"></div></div></div></div></p>
